{"id":223672,"date":"2024-03-06T00:08:15","date_gmt":"2024-03-05T23:08:15","guid":{"rendered":"https:\/\/fundacionexe.org.co\/document\/curricular-flexibilization-and-assessment-of-learning\/"},"modified":"2024-03-06T00:08:15","modified_gmt":"2024-03-05T23:08:15","slug":"curricular-flexibilization-and-assessment-of-learning","status":"publish","type":"dlp_document","link":"https:\/\/www.fundacionexe.org.co\/en\/document\/curricular-flexibilization-and-assessment-of-learning\/","title":{"rendered":"Curricular flexibilization and assessment of learning"},"content":{"rendered":"<p>This document addresses the importance and need to adjust educational curricula in response to the health crisis, highlighting the relevance of adapting teaching and learning methodologies and processes. It discusses the levels of flexibilization proposed by Garrido (2009), ranging from policy modifications to adjustments in institutional and personal educational projects. Additionally, it mentions the tools and recommendations for effectively implementing curriculum flexibilization, promoting partnerships, collaborative work, inclusion of the community and family, and addressing topics close to students&#8217; realities. Tools developed by educational entities, inspiring conversations, reference documents, and strategies for assessment during the pandemic are provided to support institutions in adapting their educational programs for the safe return to classrooms.   <\/p>\n","protected":false},"excerpt":{"rendered":"<p>This document addresses the importance and need to adjust educational curricula in response to the health crisis, highlighting the relevance of adapting teaching and learning methodologies and processes. It discusses the levels of flexibilization proposed by Garrido (2009), ranging from&#8230;<\/p>\n","protected":false},"author":1,"featured_media":0,"comment_status":"closed","ping_status":"closed","template":"","meta":[],"doc_categories":[848,2013,845,1908,1916,1915],"doc_tags":[861,1920,2019,2018,2016,1922,2017,1506,1509,2014,826,1937,1921,1923,850,1962,1924,1958,1917,2015],"doc_author":[342,559],"file_type":[136],"class_list":["post-223672","dlp_document","type-dlp_document","status-publish","hentry","doc_categories-actions-against-covid-19","doc_categories-curricular-flexibilization","doc_categories-education-in-emergency","doc_categories-flexible-models","doc_categories-reopening-of-schools","doc_categories-reopening-schools-during-covid-19","doc_tags-alternation","doc_tags-certified-territorial-entity","doc_tags-community","doc_tags-community-inclusion","doc_tags-community-participation","doc_tags-covid-19-impact","doc_tags-curricular-flexibilization","doc_tags-education","doc_tags-education-in-colombia","doc_tags-educational-adaptation","doc_tags-etc-en","doc_tags-flexible-models","doc_tags-impact","doc_tags-impact-of-covid-19-on-education","doc_tags-pandemic","doc_tags-reopening-schools","doc_tags-research-and-knowledge-management","doc_tags-school-reopening","doc_tags-schools","doc_tags-teaching-learning-processes","doc_author-fundacion-empresarios-por-la-educacion","doc_author-fundacion-sura","file_type-pdf"],"download_url":false,"file_size":"","filename":false,"download_count":"","version_history":[],"yoast_head":"<!-- This site is optimized with the Yoast SEO plugin v27.4 - https:\/\/yoast.com\/product\/yoast-seo-wordpress\/ -->\n<title>Curricular flexibilization and assessment of learning - Fundaci\u00f3n Empresarios por la Educaci\u00f3n FExE<\/title>\n<meta name=\"robots\" content=\"index, follow, max-snippet:-1, max-image-preview:large, max-video-preview:-1\" \/>\n<link rel=\"canonical\" href=\"https:\/\/www.fundacionexe.org.co\/en\/document\/curricular-flexibilization-and-assessment-of-learning\/\" \/>\n<meta property=\"og:locale\" content=\"en_US\" \/>\n<meta property=\"og:type\" content=\"article\" \/>\n<meta property=\"og:title\" content=\"Curricular flexibilization and assessment of learning - Fundaci\u00f3n Empresarios por la Educaci\u00f3n FExE\" \/>\n<meta property=\"og:description\" content=\"This document addresses the importance and need to adjust educational curricula in response to the health crisis, highlighting the relevance of adapting teaching and learning methodologies and processes. It discusses the levels of flexibilization proposed by Garrido (2009), ranging from...\" \/>\n<meta property=\"og:url\" content=\"https:\/\/www.fundacionexe.org.co\/en\/document\/curricular-flexibilization-and-assessment-of-learning\/\" \/>\n<meta property=\"og:site_name\" content=\"Fundaci\u00f3n Empresarios por la Educaci\u00f3n FExE\" \/>\n<meta name=\"twitter:card\" content=\"summary_large_image\" \/>\n<meta name=\"twitter:label1\" content=\"Est. reading time\" \/>\n\t<meta name=\"twitter:data1\" content=\"1 minute\" \/>\n<script type=\"application\/ld+json\" class=\"yoast-schema-graph\">{\"@context\":\"https:\\\/\\\/schema.org\",\"@graph\":[{\"@type\":\"WebPage\",\"@id\":\"https:\\\/\\\/www.fundacionexe.org.co\\\/en\\\/document\\\/curricular-flexibilization-and-assessment-of-learning\\\/\",\"url\":\"https:\\\/\\\/www.fundacionexe.org.co\\\/en\\\/document\\\/curricular-flexibilization-and-assessment-of-learning\\\/\",\"name\":\"Curricular flexibilization and assessment of learning - Fundaci\u00f3n Empresarios por la Educaci\u00f3n FExE\",\"isPartOf\":{\"@id\":\"https:\\\/\\\/prod.fundacionexe.org.co\\\/en\\\/#website\"},\"datePublished\":\"2024-03-05T23:08:15+00:00\",\"breadcrumb\":{\"@id\":\"https:\\\/\\\/www.fundacionexe.org.co\\\/en\\\/document\\\/curricular-flexibilization-and-assessment-of-learning\\\/#breadcrumb\"},\"inLanguage\":\"en-US\",\"potentialAction\":[{\"@type\":\"ReadAction\",\"target\":[\"https:\\\/\\\/www.fundacionexe.org.co\\\/en\\\/document\\\/curricular-flexibilization-and-assessment-of-learning\\\/\"]}]},{\"@type\":\"BreadcrumbList\",\"@id\":\"https:\\\/\\\/www.fundacionexe.org.co\\\/en\\\/document\\\/curricular-flexibilization-and-assessment-of-learning\\\/#breadcrumb\",\"itemListElement\":[{\"@type\":\"ListItem\",\"position\":1,\"name\":\"Portada\",\"item\":\"https:\\\/\\\/prod.fundacionexe.org.co\\\/en\\\/\"},{\"@type\":\"ListItem\",\"position\":2,\"name\":\"Curricular flexibilization and assessment of learning\"}]},{\"@type\":\"WebSite\",\"@id\":\"https:\\\/\\\/prod.fundacionexe.org.co\\\/en\\\/#website\",\"url\":\"https:\\\/\\\/prod.fundacionexe.org.co\\\/en\\\/\",\"name\":\"Fundaci\u00f3n Empresarios por la Educaci\u00f3n FExE\",\"description\":\"Red de conocimiento independiente. Sumamos con informaci\u00f3n y evidencia para que Colombia d\u00e9 un salto en educaci\u00f3n de calidad.\",\"potentialAction\":[{\"@type\":\"SearchAction\",\"target\":{\"@type\":\"EntryPoint\",\"urlTemplate\":\"https:\\\/\\\/prod.fundacionexe.org.co\\\/en\\\/?s={search_term_string}\"},\"query-input\":{\"@type\":\"PropertyValueSpecification\",\"valueRequired\":true,\"valueName\":\"search_term_string\"}}],\"inLanguage\":\"en-US\"}]}<\/script>\n<!-- \/ Yoast SEO plugin. -->","yoast_head_json":{"title":"Curricular flexibilization and assessment of learning - Fundaci\u00f3n Empresarios por la Educaci\u00f3n FExE","robots":{"index":"index","follow":"follow","max-snippet":"max-snippet:-1","max-image-preview":"max-image-preview:large","max-video-preview":"max-video-preview:-1"},"canonical":"https:\/\/www.fundacionexe.org.co\/en\/document\/curricular-flexibilization-and-assessment-of-learning\/","og_locale":"en_US","og_type":"article","og_title":"Curricular flexibilization and assessment of learning - Fundaci\u00f3n Empresarios por la Educaci\u00f3n FExE","og_description":"This document addresses the importance and need to adjust educational curricula in response to the health crisis, highlighting the relevance of adapting teaching and learning methodologies and processes. It discusses the levels of flexibilization proposed by Garrido (2009), ranging from...","og_url":"https:\/\/www.fundacionexe.org.co\/en\/document\/curricular-flexibilization-and-assessment-of-learning\/","og_site_name":"Fundaci\u00f3n Empresarios por la Educaci\u00f3n FExE","twitter_card":"summary_large_image","twitter_misc":{"Est. reading time":"1 minute"},"schema":{"@context":"https:\/\/schema.org","@graph":[{"@type":"WebPage","@id":"https:\/\/www.fundacionexe.org.co\/en\/document\/curricular-flexibilization-and-assessment-of-learning\/","url":"https:\/\/www.fundacionexe.org.co\/en\/document\/curricular-flexibilization-and-assessment-of-learning\/","name":"Curricular flexibilization and assessment of learning - Fundaci\u00f3n Empresarios por la Educaci\u00f3n FExE","isPartOf":{"@id":"https:\/\/prod.fundacionexe.org.co\/en\/#website"},"datePublished":"2024-03-05T23:08:15+00:00","breadcrumb":{"@id":"https:\/\/www.fundacionexe.org.co\/en\/document\/curricular-flexibilization-and-assessment-of-learning\/#breadcrumb"},"inLanguage":"en-US","potentialAction":[{"@type":"ReadAction","target":["https:\/\/www.fundacionexe.org.co\/en\/document\/curricular-flexibilization-and-assessment-of-learning\/"]}]},{"@type":"BreadcrumbList","@id":"https:\/\/www.fundacionexe.org.co\/en\/document\/curricular-flexibilization-and-assessment-of-learning\/#breadcrumb","itemListElement":[{"@type":"ListItem","position":1,"name":"Portada","item":"https:\/\/prod.fundacionexe.org.co\/en\/"},{"@type":"ListItem","position":2,"name":"Curricular flexibilization and assessment of learning"}]},{"@type":"WebSite","@id":"https:\/\/prod.fundacionexe.org.co\/en\/#website","url":"https:\/\/prod.fundacionexe.org.co\/en\/","name":"Fundaci\u00f3n Empresarios por la Educaci\u00f3n FExE","description":"Red de conocimiento independiente. Sumamos con informaci\u00f3n y evidencia para que Colombia d\u00e9 un salto en educaci\u00f3n de calidad.","potentialAction":[{"@type":"SearchAction","target":{"@type":"EntryPoint","urlTemplate":"https:\/\/prod.fundacionexe.org.co\/en\/?s={search_term_string}"},"query-input":{"@type":"PropertyValueSpecification","valueRequired":true,"valueName":"search_term_string"}}],"inLanguage":"en-US"}]}},"_links":{"self":[{"href":"https:\/\/www.fundacionexe.org.co\/en\/wp-json\/wp\/v2\/dlp_document\/223672","targetHints":{"allow":["GET"]}}],"collection":[{"href":"https:\/\/www.fundacionexe.org.co\/en\/wp-json\/wp\/v2\/dlp_document"}],"about":[{"href":"https:\/\/www.fundacionexe.org.co\/en\/wp-json\/wp\/v2\/types\/dlp_document"}],"author":[{"embeddable":true,"href":"https:\/\/www.fundacionexe.org.co\/en\/wp-json\/wp\/v2\/users\/1"}],"replies":[{"embeddable":true,"href":"https:\/\/www.fundacionexe.org.co\/en\/wp-json\/wp\/v2\/comments?post=223672"}],"wp:attachment":[{"href":"https:\/\/www.fundacionexe.org.co\/en\/wp-json\/wp\/v2\/media?parent=223672"}],"wp:term":[{"taxonomy":"doc_categories","embeddable":true,"href":"https:\/\/www.fundacionexe.org.co\/en\/wp-json\/wp\/v2\/doc_categories?post=223672"},{"taxonomy":"doc_tags","embeddable":true,"href":"https:\/\/www.fundacionexe.org.co\/en\/wp-json\/wp\/v2\/doc_tags?post=223672"},{"taxonomy":"doc_author","embeddable":true,"href":"https:\/\/www.fundacionexe.org.co\/en\/wp-json\/wp\/v2\/doc_author?post=223672"},{"taxonomy":"file_type","embeddable":true,"href":"https:\/\/www.fundacionexe.org.co\/en\/wp-json\/wp\/v2\/file_type?post=223672"}],"curies":[{"name":"wp","href":"https:\/\/api.w.org\/{rel}","templated":true}]}}

<!-- This site is optimized with the Yoast SEO plugin v27.4 - https://yoast.com/product/yoast-seo-wordpress/ -->
<title>Curricular flexibilization and assessment of learning - Fundación Empresarios por la Educación FExE</title>
<meta name="robots" content="index, follow, max-snippet:-1, max-image-preview:large, max-video-preview:-1" />
<link rel="canonical" href="https://www.fundacionexe.org.co/en/document/curricular-flexibilization-and-assessment-of-learning/" />
<meta property="og:locale" content="en_US" />
<meta property="og:type" content="article" />
<meta property="og:title" content="Curricular flexibilization and assessment of learning - Fundación Empresarios por la Educación FExE" />
<meta property="og:description" content="This document addresses the importance and need to adjust educational curricula in response to the health crisis, highlighting the relevance of adapting teaching and learning methodologies and processes. It discusses the levels of flexibilization proposed by Garrido (2009), ranging from..." />
<meta property="og:url" content="https://www.fundacionexe.org.co/en/document/curricular-flexibilization-and-assessment-of-learning/" />
<meta property="og:site_name" content="Fundación Empresarios por la Educación FExE" />
<meta name="twitter:card" content="summary_large_image" />
<meta name="twitter:label1" content="Est. reading time" />
	<meta name="twitter:data1" content="1 minute" />
<script type="application/ld+json" class="yoast-schema-graph">{"@context":"https:\/\/schema.org","@graph":[{"@type":"WebPage","@id":"https:\/\/www.fundacionexe.org.co\/en\/document\/curricular-flexibilization-and-assessment-of-learning\/","url":"https:\/\/www.fundacionexe.org.co\/en\/document\/curricular-flexibilization-and-assessment-of-learning\/","name":"Curricular flexibilization and assessment of learning - Fundación Empresarios por la Educación FExE","isPartOf":{"@id":"https:\/\/prod.fundacionexe.org.co\/en\/#website"},"datePublished":"2024-03-05T23:08:15+00:00","breadcrumb":{"@id":"https:\/\/www.fundacionexe.org.co\/en\/document\/curricular-flexibilization-and-assessment-of-learning\/#breadcrumb"},"inLanguage":"en-US","potentialAction":[{"@type":"ReadAction","target":["https:\/\/www.fundacionexe.org.co\/en\/document\/curricular-flexibilization-and-assessment-of-learning\/"]}]},{"@type":"BreadcrumbList","@id":"https:\/\/www.fundacionexe.org.co\/en\/document\/curricular-flexibilization-and-assessment-of-learning\/#breadcrumb","itemListElement":[{"@type":"ListItem","position":1,"name":"Portada","item":"https:\/\/prod.fundacionexe.org.co\/en\/"},{"@type":"ListItem","position":2,"name":"Curricular flexibilization and assessment of learning"}]},{"@type":"WebSite","@id":"https:\/\/prod.fundacionexe.org.co\/en\/#website","url":"https:\/\/prod.fundacionexe.org.co\/en\/","name":"Fundación Empresarios por la Educación FExE","description":"Red de conocimiento independiente. Sumamos con información y evidencia para que Colombia dé un salto en educación de calidad.","potentialAction":[{"@type":"SearchAction","target":{"@type":"EntryPoint","urlTemplate":"https:\/\/prod.fundacionexe.org.co\/en\/?s={search_term_string}"},"query-input":{"@type":"PropertyValueSpecification","valueRequired":true,"valueName":"search_term_string"}}],"inLanguage":"en-US"}]}</script>
<!-- / Yoast SEO plugin. -->

Curricular flexibilization and assessment of learning - Fundación Empresarios por la Educación FExE

Fundación Empresarios por la Educación FExE

Red de conocimiento independiente. Sumamos con información y evidencia para que Colombia dé un salto en educación de calidad.
